e b(8).
9
Let j(f) = -f - 10. Give j(5).
-15
Let w(z) = -2*z**3 - 5*z**2 + 4*z - 2. Give w(-5).
103
Let b(r) = -r**3 + r**2 + 4*r - 70. What is b(0)?
-70
Let u(d) = d + 75. Give u(0).
75
Let d(i) = -4*i + 12. Calculate d(5).
-8
Let o(b) = -b + 4. What is o(0)?
4
Let a(s) = s**3 - 9*s**2 + 19*s - 29. Calculate a(7).
6
Let l(x) = -x**3 + x**2 - 3. Give l(-2).
9
Let l(q) = -q + 12. Give l(5).
7
Let g(z) = z**3 - z**2 - 8*z + 3. Determine g(-4).
-45
Let c(o) = -o**3 + 8*o**2 - 6*o - 16. Determine c(7).
-9
Let b(a) = -41*a - 31. Determine b(-1).
10
Let v(q) = 4*q - 5. Give v(-2).
-13
Let k(g) = 32*g**3 - g**2 + g - 1. Calculate k(1).
31
Let h(c) = c**3 + 25*c**2 + 25*c + 27. What is h(-24)?
3
Let a(j) = 14*j - 1. Give a(-1).
-15
Let t(d) = -d**2 - 15*d + 15. Determine t(-16).
-1
Let m(t) = -t**3 - 26*t**2 - 49*t + 16. Give m(-24).
40
Let r(d) = 2*d**2 - 2*d - 1. What is r(-2)?
11
Let r(h) = h**3 + 7*h**2 + 5*h - 8. Calculate r(-4).
20
Let d(x) = x**3 + 15*x**2 + x + 35. Give d(-15).
20
Let u(g) = -g**2 - 6*g + 6. Calculate u(-6).
6
Let a(v) = 2*v - 20. Calculate a(8).
-4
Let t(n) = -n**3 + 9*n**2 - 7*n - 4. Determine t(8).
4
Let q(l) = 2*l**2 + l - 7. Calculate q(3).
14
Let a(b) = 24*b + 3. What is a(-3)?
-69
Let p(h) = h**3 + 33*h**2 - 72*h - 70. Give p(-35).
0
Let w(p) = -p**2 + 6*p - 4. Calculate w(9).
-31
Let k(t) = -t**3 - 8*t**2 + 24. Give k(-9).
105
Let d(r) = -9*r**2 + r + 3. Calculate d(-1).
-7
Let g(d) = 5*d + 63. Determine g(-9).
18
Let v(w) = w**3 - w**2 + 1. Calculate v(-1).
-1
Let j(d) = -d**3 + 28*d**2 + 28*d + 17. Calculate j(29).
-12
Let v(p) = -p**2 - 39*p - 272. Give v(-29).
18
Let h(x) = 18*x + 338. Give h(-19).
-4
Let p(j) = j**3 - 11*j**2 + 9*j - 12. Give p(10).
-22
Let a(x) = x**2 - 11*x + 20. Calculate a(8).
-4
Let j(d) = 2*d**3 + 19*d**2 - 4*d + 41. Give j(-10).
-19
Let j(v) = 3*v**2 + 32*v - 30. Give j(-11).
-19
Let q(i) = i**3 - 22*i**2 - 47*i + 1. What is q(24)?
25
Let f(w) = -w**3 + 11*w**2 - 15*w + 9. What is f(10)?
-41
Let v(y) = y**2 + y - 5. What is v(0)?
-5
Let k(l) = -11*l. Give k(-2).
22
Let b(o) = 12*o + 15. Determine b(-6).
-57
Let y(r) = 6*r**2 - 5*r - 3. Determine y(3).
36
Let y(h) = h**3 - 6*h**2 + 23*h - 49. Calculate y(3).
-7
Let m(s) = -s**2 + 25*s - 47. What is m(2)?
-1
Let y(r) = 8*r**3 + 2*r**2 - 3*r + 2. Determine y(1).
9
Let g(m) = -16*m + 19. Give g(2).
-13
Let s(y) = -y**2 - 3*y - 2. Calculate s(3).
-20
Let l(k) = 2*k**3 + 4. Determine l(-2).
-12
Let g(l) = l**2 + 10*l - 4. Give g(-12).
20
Let s(b) = -7*b - 15. What is s(-3)?
6
Let g(r) = r**3 - 18*r**2 + 21. Determine g(18).
21
Let c(m) = m**3 + 5*m**2 + 3*m + 4. Determine c(-3).
13
Let j(i) = -i**3 - 14*i**2 - 14*i - 11. Give j(-13).
2
Let z(s) = 15*s - 35. What is z(3)?
10
Let n(f) = f**3 - 9*f**2 + 8*f + 7. What is n(6)?
-53
Let h(l) = 12*l + 67. Give h(5).
127
Let p(d) = -d**2 - 9*d + 7. Calculate p(6).
-83
Let o(a) = a**2 + 2*a + 6. Give o(0).
6
Let z(v) = v - 2. Calculate z(-9).
-11
Let l(h) = -25*h - 103. What is l(-4)?
-3
Let f(u) = 8*u**3 + u**2 - 3*u + 1. What is f(1)?
7
Let r(i) = -i**2 - 3*i - 5. Give r(-4).
-9
Let n(r) = -2*r - 44. Calculate n(-17).
-10
Let o(z) = z**3 + z**2 - 3*z - 2. What is o(-3)?
-11
Let a(y) = -y**3 + 9*y**2 + 13*y - 12. Give a(10).
18
Let h(l) = -l**3 - 2*l**2 + 13*l + 24. Give h(-4).
4
Let l(f) = -6*f - 10. Determine l(-7).
32
Let q(w) = -6*w**2 + 181*w - 5. Give q(30).
25
Let m(o) = -o**2 + 5*o + 9. What is m(7)?
-5
Let c(q) = -q**3 + 16*q**2 + 34*q + 26. Give c(18).
-10
Let a(k) = -2*k + 9. Determine a(10).
-11
Let s(l) = l**2 - 41*l + 286. Give s(9).
-2
Let d(s) = 11*s + 83. Give d(-7).
6
Let o(h) = 20*h**2 + 1. Give o(-2).
81
Let o(w) = w**3 + 4*w**2 - 32*w - 131. Calculate o(-5).
4
Let h(o) = 34*o + 136. Calculate h(-4).
0
Let n(s) = -s**2 - 9*s - 2. Determine n(-12).
-38
Let o(k) = -k**3 - 40*k**2 - 4*k - 166. Calculate o(-40).
-6
Let c(n) = -3*n + 5. What is c(1)?
2
Let y(l) = 4*l + 7. Determine y(-6).
-17
Let d(q) = -q**3 + 8*q**2 + 2*q - 1. Give d(7).
62
Let k(y) = -30*y + 1. Give k(-1).
31
Let d(s) = -s**2 + 35*s - 82. Give d(32).
14
Let v(l) = l**3 - 2*l**2 - l + 1. Calculate v(2).
-1
Let l(d) = d**2 - 3*d - 6. What is l(4)?
-2
Let h(n) = -2*n**2 - 66*n + 67. Calculate h(-34).
-1
Let f(n) = -n**3 - 3*n**2 + 3*n + 11. Calculate f(-3).
2
Let t(s) = s**2 + 6*s + 2. Determine t(-5).
-3
Let t(r) = -2*r**3 + 13*r**2 - 6*r - 6. Calculate t(6).
-6
Let d(g) = g**2 - 26*g - 23. What is d(26)?
-23
Let r(o) = -o**2 - 4*o + 4. Determine r(-5).
-1
Let b(r) = 11*r**2 + r - 1. Determine b(1).
11
Let k(o) = -o - 4. Calculate k(5).
-9
Let h(z) = z**3 + 5*z**2 - 14*z - 8. What is h(-5)?
62
Let f(d) = -d**3 + 5*d**2 - 3*d - 12. Give f(5).
-27
Let b(m) = -12*m - 3. Calculate b(3).
-39
Let o(w) = w**2 + 10*w - 10. What is o(-10)?
-10
Let s(c) = -c**2 - c - 1. What is s(0)?
-1
Let m(o) = 3*o**3 + 2*o + 3. Calculate m(-2).
-25
Let u(o) = -2*o**3 - 2*o**2 - o + 2. Determine u(2).
-24
Let y(u) = -5*u + 60. What is y(11)?
5
Let p(b) = b + 2. Calculate p(4).
6
Let d(z) = -z**2 - 2*z + 48. Give d(0).
48
Let t(n) = -4*n + 23. Calculate t(-6).
47
Let r(x) = -x**2 + 8. Calculate r(-4).
-8
Let w(l) = l - 12. Determine w(5).
-7
Let u(w) = -w + 54. Calculate u(25).
29
Let a(j) = -j**3 - j**2 + j + 4. What is a(0)?
4
Let n(s) = -9*s**2 - 113*s + 114. Calculate n(1).
-8
Let z(a) = -2*a**2 + 2*a + 16. What is z(3)?
4
Let r(f) = 2*f**2 + 2*f - 14. Determine r(-3).
-2
Let s(t) = 41*t - 34. Determine s(1).
7
Let g(l) = -6*l - 2. Give g(-1).
4
Let q(z) = -z**3 + 4*z**2 - 6*z + 6. Calculate q(3).
-3
Let u(i) = -i**3 + 3*i**2 + 9*i - 9. Calculate u(5).
-14
Let f(p) = -3*p - 29. What is f(-12)?
7
Let r(z) = -15*z - 40. Determine r(-3).
5
Let n(c) = -6*c + 149. What is n(25)?
-1
Let l(r) = -r + 3. What is l(0)?
3
Let c(z) = -z**3 - 30*z**2 - 29*z - 1. What is c(-29)?
-1
Let j(k) = 10*k + 107. Determine j(-9).
17
Let y(r) = r**3 + 3*r**2 - 2. What is y(-2)?
2
Let k(g) = g**3 - 2*g**2 - 8*g + 10. Determine k(4).
10
Let v(o) = o**2 + 2*o + 2. Calculate v(-4).
10
Let x(m) = m**3 + m**2 + m - 2. What is x(3)?
37
Let d(x) = 2*x - 12. Calculate d(9).
6
Let t(u) = -6*u - 35. Give t(-18).
73
Let g(l) = l + 5. Calculate g(2).
7
Let t(y) = -y**2 + y + 3. Calculate t(-3).
-9
Let z(p) = -p**2 + 9*p - 14. Determine z(7).
0
Let k(m) = m**3 + 8*m**2 + 10*m + 13. What is k(-7)?
-8
Let o(p) = -p**3 - 9*p**2 - 24*p - 29. Give o(-6).
7
Let z(w) = -w**2 - 16*w - 47. What is z(-13)?
-8
Let f(l) = -l**3 + 13*l**2 + 7*l - 22. Calculate f(13).
69
Let r(k) = 3*k - 9. Calculate r(0).
-9
Let l(p) = -2*p - 2. What is l(-3)?
4
Let o(f) = f**3 - 6*f**2 + 5*f - 6. What is o(5)?
-6
Let o(y) = -2*y - 6. Calculate o(9).
-24
Let y(k) = -2*k - 16. Give y(6).
-28
Let y(s) = -3*s**2 + 115*s - 70. Calculate y(38).
-32
Let o(f) = -f**2 + 18*f + 47. Give o(20).
7
Let q(d) = d**3 - 7*d**2 - 6*d + 45. Give q(3).
-9
Let d(n) = -7*n**2 - 74*n + 27. What is d(-11)?
-6
Let k(y) = -y**2 + y + 16. Give k(5).
-4
Let b(w) = -w + 8. Calculate b(13).
-5
Let v(w) = 11*w + 35. Determine v(-4).
-9
Let g(b) = b**2 + 2*b - 10. What is g(-5)?
5
Let f(d) = -58*d**2 + 465*d + 6. What is f(8)?
14
Let u(x) = x**3 - 2*x**2 - x + 1. Give u(3).
7
Let p(l) = l**3 - 7*l**2 + 2*l - 56. Determine p(8).
24
Let m(f) = 16*f + 222. Give m(-14).
-2
Let g(x) = -2*x**2 - 3*x + 20. What is g(3)?
-7
Let u(i) = i**3 + 2*i**2 - i - 5. Give u(-3).
-11
Let t(g) = g**3 - 5*g**2 + 2*g + 1. Give t(3).
-11
Let r(d) = 4*d**2 - 32*d + 31. Calculate r(7).
3
Let b(z) = -8*z - 3. Give b(5).
-43
Let n(o) = o**2 + 20*o + 60. What is n(-8)?
-36
Let h(n) = n**3 + 8*n**2 + 8*n + 5. Calculate h(-7).
-2
Let x(l) = -4*l + 6. Calculate x(-5).
26
Let k(p) = -p**3 + 6*p**2 + 12*p - 24. Determine k(7).
11
Let f(a) = 11*a**2 - 23*a + 6. What is f(2)?
4
Let z(r) = r**3 - 5*r**2 - 10*r + 13. Give z(6).
-11
Let g(z) = 2*z**3 + 3*z**2 - 3*z - 5. What is g(-3)?
-23
Let w(c) = -2*c**3 - c**2 + c + 1. Determine w(-2).
11
Let a(h) = -h**3 - 3*h**2 + 6*h + 10. What is a(-4)?
2
Let f(z) = -z**2 - 32*z - 7. Calculate f(-32).
-7
Let h(k) = -2*k - 52. What is h(0)?
-52
Let v(b) = b**3 + 22*b**2 - 7*b - 146. Calculate v(-22).
8
Let g(l) = -3*l**2 - 24*l - 9. Determine g(-7).
12
Let v(w) = -2*w**3 + 13*w**2 + 7*w + 4. What is v(7)?
4
Let x(b) = -2*b + 1. Det